49
Calculate the highest common factor of 993 and 16219.
331
Calculate the highest common factor of 1928 and 12.
4
Calculate the greatest common divisor of 693 and 7.
7
Calculate the highest common divisor of 4548 and 32.
4
What is the greatest common divisor of 495 and 6765?
165
What is the highest common factor of 215 and 5?
5
What is the highest common divisor of 25 and 2775?
25
What is the highest common factor of 3492 and 96?
12
Calculate the highest common divisor of 30 and 360.
30
What is the greatest common divisor of 220 and 9460?
220
Calculate the highest common factor of 480 and 24.
24
Calculate the greatest common divisor of 20 and 540.
20
Calculate the greatest common divisor of 232 and 986.
58
Calculate the highest common factor of 2242 and 19.
19
Calculate the greatest common factor of 96 and 1368.
24
Calculate the highest common divisor of 36 and 8.
4
What is the greatest common divisor of 33 and 473?
11
Calculate the highest common factor of 575 and 1035.
115
What is the greatest common factor of 30 and 810?
30
Calculate the greatest common divisor of 28 and 468.
4
Calculate the greatest common factor of 16 and 400.
16
What is the greatest common factor of 1537 and 53?
53
Calculate the highest common divisor of 5707 and 26.
13
Calculate the greatest common factor of 5 and 205.
5
Calculate the greatest common factor of 42 and 10416.
42
What is the greatest common factor of 273 and 78?
39
Calculate the greatest common divisor of 7117 and 88.
11
What is the highest common divisor of 45 and 480?
15
Calculate the highest common factor of 195 and 689.
13
Calculate the highest common divisor of 8 and 624.
8
Calculate the highest common divisor of 260 and 280.
20
Calculate the greatest common factor of 165 and 11.
11
Calculate the greatest common factor of 1643 and 477.
53
What is the greatest common factor of 120 and 1410?
30
What is the greatest common factor of 8554 and 39?
13
Calculate the highest common divisor of 1591 and 629.
37
What is the greatest common factor of 3486 and 378?
42
What is the highest common factor of 11 and 2?
1
Calculate the greatest common factor of 5 and 125.
5
What is the highest common factor of 597 and 54?
3
Calculate the greatest common divisor of 1344 and 28.
28
What is the highest common divisor of 414 and 252?
18
Calculate the highest common divisor of 135 and 63.
9
Calculate the greatest common factor of 84 and 1944.
12
Calculate the greatest common divisor of 513 and 228.
57
Calculate the greatest common divisor of 3869 and 159.
53
Calculate the highest common factor of 81 and 567.
81
What is the highest common divisor of 1744 and 64?
16
Calculate the greatest common factor of 17 and 35.
1
Calculate the highest common factor of 3 and 21.
3
What is the highest common divisor of 21656 and 8?
8
What is the highest common factor of 396 and 36?
36
Calculate the greatest common factor of 148 and 88800.
148
What is the highest common divisor of 795 and 4134?
159
What is the greatest common factor of 68 and 25534?
34
Calculate the greatest common factor of 784 and 128.
16
Calculate the highest common divisor of 276 and 36.
12
Calculate the greatest common factor of 171 and 95.
19
What is the highest common factor of 77 and 33?
11
Calculate the greatest common factor of 195 and 11570.
65
What is the greatest common divisor of 112 and 406?
14
Calculate the highest common factor of 72 and 552.
24
What is the greatest common factor of 34 and 459?
17
What is the highest common factor of 11 and 1111?
11
What is the greatest common factor of 596 and 20?
4
Calculate the highest common factor of 60 and 30.
30
Calculate the greatest common factor of 76 and 209.
19
What is the greatest common factor of 18 and 666?
18
What is the greatest common divisor of 451 and 123?
41
Calculate the greatest common factor of 8 and 4856.
8
Calculate the highest common factor of 253 and 814.
11
What is the highest common factor of 320 and 340?
20
What is the highest common factor of 10 and 508?
2
What is the highest common divisor of 88 and 1496?
88
Calculate the greatest common divisor of 12 and 44.
4
Calculate the greatest common divisor of 10 and 110.
10
What is the highest common factor of 18 and 2718?
18
What is the highest common divisor of 780 and 156?
156
What is the greatest common divisor of 247 and 133?
19
What is the greatest common divisor of 3 and 201?
3
What is the highest common factor of 209 and 11?
11
Calculate the greatest common factor of 279 and 217.
31
Calculate the highest common factor of 50 and 10.
10
What is the highest common factor of 25 and 3275?
25
Calculate the highest common factor of 19503 and 99.
99
What is the highest common factor of 12 and 64?
4
What is the highest common divisor of 59 and 47023?
59
Calculate the highest common divisor of 18 and 2169.
9
Calculate the greatest common factor of 49 and 3.
1
Calculate the greatest common divisor of 272 and 17.
17
What is the highest common divisor of 46 and 736?
46
What is the highest common factor of 1 and 31?
1
Calculate the greatest common divisor of 1890 and 45.
45
What is the highest common divisor of 901 and 697?
17
Calculate the greatest common factor of 172 and 11008.
172
What is the greatest common divisor of 2784 and 96?
96
What is the highest common divisor of 21 and 1113?
21
What is the greatest common divisor of 35 and 3?
1
What is the greatest common factor of 2752 and 43?
43
What is the greatest common factor of 168 and 312?
24
What is the highest common factor of 640 and 100?
20
What is the highest common factor of 5022 and 372?
186
What is the greatest common divisor of 616 and 88?
88
Calculate the greatest common factor of 54 and 1566.
54
Calculate the highest common factor of 158 and 2686.
158
What is the highest common factor of 20 and 70?
10
What is the greatest common divisor of 312 and 384?
24
Calculate the highest common factor of 84 and 476.
28
What is the greatest common divisor of 45 and 225?
45
Calculate the greatest common divisor of 90 and 60.
30
What is the greatest common divisor of 10524 and 24?
12
What is the greatest common divisor of 17631 and 18?
9
Calculate the greatest common factor of 472 and 1593.
59
What is the highest common factor of 327 and 763?
109
Calculate the greatest common factor of 195 and 15.
15
What is the greatest common factor of 742 and 14?
14
What is the highest common factor of 23 and 68931?
23
Calculate the greatest common factor of 240 and 180.
60
What is the highest common factor of 28 and 476?
28
What is the greatest common factor of 16 and 16?
16
What is the highest common divisor of 799 and 1683?
17
Calculate the highest common factor of 55 and 99.
11
What is the greatest common factor of 6 and 24?
6
Calculate the greatest common factor of 1375 and 44.
11
What is the highest common factor of 2176 and 1408?
128
What is the greatest common factor of 63 and 1449?
63
Calculate the greatest common factor of 1015 and 29.
29
What is the greatest common divisor of 64 and 352?
32
Calculate the greatest common divisor of 15 and 71625.
15
What is the highest common divisor of 15 and 288?
3
Calculate the greatest common factor of 189 and 162.
27
Calculate the greatest common divisor of 126 and 994.
14
Calculate the highest common factor of 474 and 18.
6
Calculate the greatest common factor of 164 and 41.
41
What is the highest common divisor of 232 and 2842?
58
Calculate the greatest common divisor of 54241 and 22.
11
What is the highest common divisor of 1750 and 14?
14
Calculate the greatest common divisor of 253 and 69.
23
What is the highest common factor of 242 and 2783?
121
What is the highest common divisor of 1950 and 78?
78
Calculate the highest common divisor of 44 and 143.
11
What is the greatest common factor of 7503 and 246?
123
Calculate the greatest common factor of 3232 and 32.
32
Calculate the greatest common divisor of 1820 and 140.
140
Calculate the highest common factor of 14832 and 144.
144
What is the highest common factor of 46 and 2507?
23
What is the highest common factor of 28 and 1498?
14
What is the greatest common factor of 336 and 96?
48
Calculate the greatest common factor of 196 and 84.
28
Calculate the highest common divisor of 788 and 11426.
394
Calculate the 